{"id":157,"date":"2016-08-09T11:59:12","date_gmt":"2016-08-09T09:59:12","guid":{"rendered":"https:\/\/www.diocesidicremona.it\/vocazioni\/?page_id=157"},"modified":"2016-08-09T11:59:29","modified_gmt":"2016-08-09T09:59:29","slug":"brani-biblici-sulla-vocazione","status":"publish","type":"page","link":"https:\/\/www.diocesidicremona.it\/vocazioni\/brani-biblici-sulla-vocazione\/","title":{"rendered":"Brani biblici sulla vocazione"},"content":{"rendered":"<div class=\"pdfprnt-buttons pdfprnt-buttons-page pdfprnt-top-right\"><a href=\"https:\/\/www.diocesidicremona.it\/vocazioni\/wp-json\/wp\/v2\/pages\/157?print=pdf\" class=\"pdfprnt-button pdfprnt-button-pdf\" target=\"_blank\" ><img decoding=\"async\" src=\"https:\/\/www.diocesidicremona.it\/vocazioni\/wp-content\/plugins\/pdf-print\/images\/pdf.png\" alt=\"image_pdf\" title=\"Visualizza PDF\" \/><\/a><a href=\"https:\/\/www.diocesidicremona.it\/vocazioni\/wp-json\/wp\/v2\/pages\/157?print=print\" class=\"pdfprnt-button pdfprnt-button-print\" target=\"_blank\" ><img decoding=\"async\" src=\"https:\/\/www.diocesidicremona.it\/vocazioni\/wp-content\/plugins\/pdf-print\/images\/print.png\" alt=\"image_print\" title=\"Stampa contenuto\" \/><\/a><\/div><p>Ogni discorso sulla vocazione non pu\u00f2 prescindere da ci\u00f2 che ci indica la Bibbia. Ecco qualche esempio di \u201cchiamata\u201d, sia dall\u2019Antico, sia dal Nuovo Testamento.<br \/>\n<strong>La chiamata di Abramo (Gen 12,1-4)<\/strong><br \/>\n1 Il Signore disse ad Abram:<br \/>\n\u00abV\u00e0ttene dal tuo paese, dalla tua patria<br \/>\ne dalla casa di tuo padre,<br \/>\nverso il paese che io ti indicher\u00f2.<br \/>\n2 Far\u00f2 di te un grande popolo<br \/>\ne ti benedir\u00f2,<br \/>\nrender\u00f2 grande il tuo nome<br \/>\ne diventerai una benedizione.<br \/>\n3 Benedir\u00f2 coloro che ti benediranno<br \/>\ne coloro che ti malediranno maledir\u00f2<br \/>\ne in te si diranno benedette<br \/>\ntutte le famiglie della terra\u00bb.<br \/>\n4 Allora Abram part\u00ec, come gli aveva ordinato il Signore, e con lui part\u00ec Lot. Abram aveva settantacinque anni quando lasci\u00f2 Carran.<br \/>\n<strong>La chiamata di Samuele (1 Sam 3, 1-12)<\/strong><br \/>\nIl giovane Samuele continuava a servire il Signore sotto la guida di Eli. La parola del Signore era rara in quei giorni, le visioni non erano frequenti. In quel tempo Eli stava riposando in casa, perch\u00e9 i suoi occhi cominciavano a indebolirsi e non riusciva pi\u00f9 a vedere. La lampada di Dio non era ancora spenta e Samuele era coricato nel tempio del Signore, dove si trovava l\u2019arca di Dio. Allora il Signore chiam\u00f2:\u201cSamuele! \u201d e quegli rispose: \u201cEccomi\u201d, poi corse da Eli e gli disse: \u201cMi hai chiamato, eccomi! \u201d. Egli rispose: \u201cNon ti ho chiamato, torna a dormire! \u201d. Torn\u00f2 e si mise a dormire. Ma il Signore chiam\u00f2 di nuovo: \u201cSamuele! \u201d e Samuele, alzatosi, corse da Eli dicendo: \u201cMi hai chiamato, eccomi! \u201d. Ma quegli rispose di nuovo: \u201cNon ti ho chiamato, figlio mio, torna a dormire! \u201d. In realt\u00e0 Samuele fino allora non aveva ancora conosciuto il Signore, n\u00e9 gli era stata ancora rivelata la parola del Signore. Il Signore torn\u00f2 a chiamare: \u201cSamuele! \u201d per la terza volta; questi si alz\u00f2 ancora e corse da Eli dicendo: \u201cMi hai chiamato, eccomi! \u201d. Allora Eli comprese che il Signore chiamava il giovinetto. li disse a Samuele: \u201cVattene a dormire e, se ti si chiamer\u00e0 ancora, dirai: Parla, Signore, perch\u00e9 il tuo servo ti ascolta\u201d. Samuele and\u00f2 a coricarsi al suo posto. Venne il Signore, stette di nuovo accanto a lui e lo chiam\u00f2 ancora come le altre volte: \u201cSamuele, Samuele! \u201d. Samuele rispose subito: \u201cParla, perch\u00e9 il tuo servo ti ascolta\u201d. Allora il Signore disse a Samuele: \u201cEcco io sto per fare in Israele una cosa tale che chiunque udir\u00e0 ne avr\u00e0 storditi gli orecchi.<\/p>\n<p><strong>La chiamata di David (1 Sam 16,1-13)<\/strong><br \/>\nE il Signore disse a Samuele: \u201cFino a quando piangerai su Saul, mentre io l\u2019ho rigettato perch\u00e9 non regni su Israele? Riempi di olio il tuo corno e parti. Ti ordino di andare da Iesse il Betlemmita, perch\u00e9 tra i suoi figli mi sono scelto un re\u201d. Samuele rispose: \u201cCome posso andare? Saul lo verr\u00e0 a sapere e mi uccider\u00e0\u201d. Il Signore soggiunse: \u201cPrenderai con te una giovenca e dirai: Sono venuto per sacrificare al Signore. Inviterai quindi Iesse al sacrificio. Allora io ti indicher\u00f2 quello che dovrai fare e tu ungerai colui che io ti dir\u00f2\u201d. Samuele fece quello che il Signore gli aveva comandato e venne a Betlemme; gli anziani della citt\u00e0 gli vennero incontro trepidanti e gli chiesero: \u201c\u00c8 di buon augurio la tua venuta? \u201d. Rispose: \u201c\u00c8 di buon augurio. Sono venuto per sacrificare al Signore. Provvedete a purificarvi, poi venite con me al sacrificio\u201d. Fece purificare anche Iesse e i suoi figli e li invit\u00f2 al sacrificio. Quando furono entrati, egli osserv\u00f2 Eliab e chiese: \u201c\u00c8 forse davanti al Signore il suo consacrato? \u201d. Il Signore rispose a Samuele: \u201cNon guardare al suo aspetto n\u00e9 all\u2019imponenza della sua statura. Io l\u2019ho scartato, perch\u00e9 io non guardo ci\u00f2 che guarda l\u2019uomo. L\u2019uomo guarda l\u2019apparenza, il Signore guarda il cuore\u201d. Iesse fece allora venire Ab\u00ecnadab e lo present\u00f2 a Samuele, ma questi disse: \u201cNemmeno su costui cade la scelta del Signore\u201d. Iesse fece passare Samma e quegli disse: \u201cNemmeno su costui cade la scelta del Signore\u201d. Iesse present\u00f2 a Samuele i suoi sette figli e Samuele ripet\u00e9 a Iesse: \u201cIl Signore non ha scelto nessuno di questi\u201d. Samuele chiese a Iesse: \u201cSono qui tutti i giovani? \u201d. Rispose Iesse: \u201cRimane ancora il pi\u00f9 piccolo che ora sta a pascolare il gregge\u201d. Samuele ordin\u00f2 a Iesse: \u201cManda a prenderlo, perch\u00e9 non ci metteremo a tavola prima che egli sia venuto qui\u201d. Quegli mand\u00f2 a chiamarlo e lo fece venire. Era fulvo, con begli occhi e gentile di aspetto. Disse il Signore: \u201cAlzati e ungilo: \u00e8 lui! \u201d. Samuele prese il corno dell\u2019olio e lo consacr\u00f2 con l\u2019unzione in mezzo ai suoi fratelli, e lo spirito del Signore si pos\u00f2 su Davide da quel giorno in poi. Samuele poi si alz\u00f2 e torn\u00f2 a Rama.<br \/>\n<strong>La chiamata di Geremia (Ger 1,4-10) <\/strong><br \/>\nMi fu rivolta la parola del Signore:<br \/>\n\u201cPrima di formarti nel grembo materno, ti conoscevo,<br \/>\nprima che tu uscissi alla luce, ti avevo consacrato;<br \/>\nti ho stabilito profeta delle nazioni\u201d.<br \/>\nRisposi: \u201cAhim\u00e8, Signore Dio, ecco io non so parlare,<br \/>\nperch\u00e9 sono giovane\u201d.<\/p>\n<p>Ma il Signore mi disse: \u201cNon dire: Sono giovane,<br \/>\nma v\u00e0 da coloro a cui ti mander\u00f2<br \/>\ne annunzia ci\u00f2 che io ti ordiner\u00f2.<\/p>\n<p>Non temerli,<br \/>\nperch\u00e9 io sono con te per proteggerti\u201d.<br \/>\nOracolo del Signore.<\/p>\n<p>Il Signore stese la mano, mi tocc\u00f2 la bocca<br \/>\ne il Signore mi disse:<br \/>\n\u201cEcco, ti metto le mie parole sulla bocca.<\/p>\n<p>Ecco, oggi ti costituisco<br \/>\nsopra i popoli e sopra i regni<br \/>\nper sradicare e demolire,<br \/>\nper distruggere e abbattere,<br \/>\nper edificare e piantare\u201d.<br \/>\n<strong>La chiamata dei primi quattro discepoli (Mt 4,21-25)<\/strong><br \/>\nMentre Ges\u00f9 camminava lungo il mare di Galilea vide due fratelli, Simone, chiamato Pietro, e Andrea suo fratello, che gettavano la rete in mare, poich\u00e9 erano pescatori. E disse loro: \u201cSeguitemi, vi far\u00f2 pescatori di uomini\u201d. Ed essi subito, lasciate le reti, lo seguirono. Andando oltre, vide altri due fratelli, Giacomo di Zebed\u00e8o e Giovanni suo fratello, che nella barca insieme con Zebed\u00e8o, loro padre, riassettavano le reti; e li chiam\u00f2. Ed essi subito, lasciata la barca e il padre, lo seguirono.<br \/>\n<strong>La chiamata di Matteo (Mt. 9,9-13)<\/strong><br \/>\nAndando via di l\u00e0, Ges\u00f9 vide un uomo, seduto al banco delle imposte, chiamato Matteo, e gli disse: \u201cSeguimi\u201d. Ed egli si alz\u00f2 e lo segu\u00ec. Mentre Ges\u00f9 sedeva a mensa in casa, sopraggiunsero molti pubblicani e peccatori e si misero a tavola con lui e con i discepoli. Vedendo ci\u00f2, i farisei dicevano ai suoi discepoli: \u201cPerch\u00e9 il vostro maestro mangia insieme ai pubblicani e ai peccatori? \u201d. Ges\u00f9 li ud\u00ec e disse: \u201cNon sono i sani che hanno bisogno del medico, ma i malati. Andate dunque e imparate che cosa significhi: Misericordia io voglio e non sacrificio. Infatti non sono venuto a chiamare i giusti, ma i peccatori\u201d.<br \/>\n<strong>La chiamata di Paolo (Atti 9,1-18)<\/strong><br \/>\nSaulo frattanto, sempre fremente minaccia e strage contro i discepoli del Signore, si present\u00f2 al sommo sacerdote e gli chiese lettere per le sinagoghe di Damasco al fine di essere autorizzato a condurre in catene a Gerusalemme uomini e donne, seguaci della dottrina di Cristo, che avesse trovati. E avvenne che, mentre era in viaggio e stava per avvicinarsi a Damasco, all\u2019improvviso lo avvolse una luce dal cielo e cadendo a terra ud\u00ec una voce che gli diceva: \u201cSaulo, Saulo, perch\u00e9 mi perseguiti? \u201d. Rispose: \u201cChi sei, o Signore? \u201d. E la voce: \u201cIo sono Ges\u00f9, che tu perseguiti! Ors\u00f9, alzati ed entra nella citt\u00e0 e ti sar\u00e0 detto ci\u00f2 che devi fare\u201d. Gli uomini che facevano il cammino con lui si erano fermati ammutoliti, sentendo la voce ma non vedendo nessuno. Saulo si alz\u00f2 da terra ma, aperti gli occhi, non vedeva nulla. Cos\u00ec, guidandolo per mano, lo condussero a Damasco, dove rimase tre giorni senza vedere e senza prendere n\u00e9 cibo n\u00e9 bevanda. Ora c\u2019era a Damasco un discepolo di nome Anania e il Signore in una visione gli disse: \u201cAnania! \u201d. Rispose: \u201cEccomi, Signore! \u201d. E il Signore a lui: \u201cSu, v\u00e0 sulla strada chiamata Diritta, e cerca nella casa di Giuda un tale che ha nome Saulo, di Tarso; ecco sta pregando, e ha visto in visione un uomo, di nome Anania, venire e imporgli le mani perch\u00e9 ricuperi la vista\u201d. Rispose Anania:\u201cSignore, riguardo a quest\u2019uomo ho udito da molti tutto il male che ha fatto ai tuoi fedeli in Gerusalemme. Inoltre hal\u2019autorizzazione dai sommi sacerdoti di arrestare tutti quelli che invocano il tuo nome\u201d. Ma il Signore disse: \u201cV\u00e0, perch\u00e9 egli \u00e8 per me uno strumento eletto per portare il mio nome dinanzi ai popoli, ai re e ai figli di Israele; e io gli mostrer\u00f2 quanto dovr\u00e0 soffrire per il mio nome\u201d. Allora Anania and\u00f2, entr\u00f2 nella casa, gli impose le mani e disse: \u201cSaulo, fratello mio, mi ha mandato a teil Signore Ges\u00f9, che ti \u00e8 apparso sulla via per la quale venivi, perch\u00e9 tu riacquisti la vista e sia colmo di Spirito Santo\u201d. E improvvisamente gli caddero dagli occhi come delle squame e ricuper\u00f2 la vista; fu subito battezzato, poi prese cibo e le forze gli ritornarono.<br \/>\n<strong>La chiamata di Maria (Lc 1,26-38)<\/strong><br \/>\n26 Nel sesto mese, l\u2019angelo Gabriele fu mandato da Dio in una citt\u00e0 della Galilea, chiamata Nazaret, 27 a una vergine, promessa sposa di un uomo della casa di Davide, chiamato Giuseppe. La vergine si chiamava Maria. 28 Entrando da lei, disse: \u00abTi saluto, o piena di grazia, il Signore \u00e8 con te\u00bb. 29 A queste parole ella rimase turbata e si domandava che senso avesse un tale saluto.30 L\u2019angelo le disse: \u00abNon temere, Maria, perch\u00e9 hai trovato grazia presso Dio. 31 Ecco concepirai un figlio, lo darai alla luce e lo chiamerai Ges\u00f9. 32 Sar\u00e0 grande e chiamato Figlio dell\u2019Altissimo; il Signore Dio gli dar\u00e0 il trono di Davide suo padre 33 e regner\u00e0 per sempre sulla casa di Giacobbe e il suo regno non avr\u00e0 fine\u00bb.<br \/>\n34 Allora Maria disse all\u2019angelo: \u00abCome \u00e8 possibile? Non conosco uomo\u00bb. 35 Le rispose l\u2019angelo: \u00abLo Spirito Santo scender\u00e0 su di te, su te stender\u00e0 la sua ombra la potenza dell\u2019Altissimo. Colui che nascer\u00e0 sar\u00e0 dunque santo e chiamato Figlio di Dio. 36 Vedi: anche Elisabetta, tua parente, nella sua vecchiaia, ha concepito un figlio e questo \u00e8 il sesto mese per lei, che tutti dicevano sterile: 37 nulla \u00e8 impossibile a Dio\u00bb. 38 Allora Maria disse: \u00abEccomi, sono la serva del Signore, avvenga di me quello che hai detto\u00bb. E l\u2019angelo part\u00ec da lei.<\/p>\n","protected":false},"excerpt":{"rendered":"<p>Ogni discorso sulla vocazione non pu\u00f2 prescindere da ci\u00f2 che ci indica la Bibbia. Ecco qualche esempio di \u201cchiamata\u201d, sia dall\u2019Antico, sia dal Nuovo Testamento. La chiamata di Abramo (Gen 12,1-4) 1 Il Signore disse ad Abram: \u00abV\u00e0ttene dal tuo paese, dalla tua patria e dalla casa di tuo padre, verso il paese che io &hellip; <a href=\"https:\/\/www.diocesidicremona.it\/vocazioni\/brani-biblici-sulla-vocazione\/\" class=\"more-link\">Continue reading <span class=\"screen-reader-text\">Brani biblici sulla vocazione<\/span> <span class=\"meta-nav\">&raquo;<\/span><\/a><\/p>\n","protected":false},"author":6,"featured_media":158,"parent":0,"menu_order":0,"comment_status":"closed","ping_status":"closed","template":"","meta":{"_acf_changed":false,"ip_address":"","user_agent":"","level":"","revision":"","cookie_id":"","page_referer":"","html_form":"","footnotes":"","_links_to":"","_links_to_target":""},"class_list":["post-157","page","type-page","status-publish","has-post-thumbnail","hentry"],"acf":[],"_links":{"self":[{"href":"https:\/\/www.diocesidicremona.it\/vocazioni\/wp-json\/wp\/v2\/pages\/157","targetHints":{"allow":["GET"]}}],"collection":[{"href":"https:\/\/www.diocesidicremona.it\/vocazioni\/wp-json\/wp\/v2\/pages"}],"about":[{"href":"https:\/\/www.diocesidicremona.it\/vocazioni\/wp-json\/wp\/v2\/types\/page"}],"author":[{"embeddable":true,"href":"https:\/\/www.diocesidicremona.it\/vocazioni\/wp-json\/wp\/v2\/users\/6"}],"replies":[{"embeddable":true,"href":"https:\/\/www.diocesidicremona.it\/vocazioni\/wp-json\/wp\/v2\/comments?post=157"}],"version-history":[{"count":1,"href":"https:\/\/www.diocesidicremona.it\/vocazioni\/wp-json\/wp\/v2\/pages\/157\/revisions"}],"predecessor-version":[{"id":159,"href":"https:\/\/www.diocesidicremona.it\/vocazioni\/wp-json\/wp\/v2\/pages\/157\/revisions\/159"}],"wp:featuredmedia":[{"embeddable":true,"href":"https:\/\/www.diocesidicremona.it\/vocazioni\/wp-json\/wp\/v2\/media\/158"}],"wp:attachment":[{"href":"https:\/\/www.diocesidicremona.it\/vocazioni\/wp-json\/wp\/v2\/media?parent=157"}],"curies":[{"name":"wp","href":"https:\/\/api.w.org\/{rel}","templated":true}]}}