{"id":998,"date":"2020-12-01T08:10:39","date_gmt":"2020-12-01T07:10:39","guid":{"rendered":"https:\/\/www.diocesidicremona.it\/serviziominori\/?page_id=998"},"modified":"2021-03-13T10:35:40","modified_gmt":"2021-03-13T09:35:40","slug":"formazione","status":"publish","type":"page","link":"https:\/\/www.diocesidicremona.it\/tutelaminori\/formazione\/","title":{"rendered":"Il Gruppo di studio e l&#8217;\u00e9quipe di esperti interdiocesani"},"content":{"rendered":"<div class=\"pdfprnt-buttons pdfprnt-buttons-page pdfprnt-top-right\"><a href=\"https:\/\/www.diocesidicremona.it\/tutelaminori\/wp-json\/wp\/v2\/pages\/998?print=pdf\" class=\"pdfprnt-button pdfprnt-button-pdf\" target=\"_blank\" ><img decoding=\"async\" src=\"https:\/\/www.diocesidicremona.it\/seminariovescovile\/wp-content\/plugins\/pdf-print\/images\/pdf.png\" alt=\"image_pdf\" title=\"Visualizza PDF\" \/><\/a><a href=\"https:\/\/www.diocesidicremona.it\/tutelaminori\/wp-json\/wp\/v2\/pages\/998?print=print\" class=\"pdfprnt-button pdfprnt-button-print\" target=\"_blank\" ><img decoding=\"async\" src=\"https:\/\/www.diocesidicremona.it\/seminariovescovile\/wp-content\/plugins\/pdf-print\/images\/print.png\" alt=\"image_print\" title=\"Stampa contenuto\" \/><\/a><\/div><p>Si tratta di un gruppo ulteriore e allargato di esperti di riconosciuta fiducia e competenza che affianca il Servizio Interdiocesano nei suoi compiti, divenendo prezioso osservatorio per l\u2019analisi, il discernimento e lo sbocco operativo di questioni attinenti alla tutela dei minori e vulnerabili, nei vari settori della pastorale. Evidenti sono le ricadute a livello diocesano che pu\u00f2 beneficiare al meglio di competenze man mano acquisite, lasciando spazio operativo a contributi di confronto autonomo. La circolarit\u00e0 degli approcci e degli apporti non pu\u00f2 che giovare al Sevizio Interdiocesano, soprattutto quando in certi ambiti specifici le risorse competenze possono scarseggiare a livello locale.<\/p>\n<p style=\"text-align: center;\"><strong>PER APPROFONDIRE<\/strong><\/p>\n<p>Il lavoro del Gruppo di studio e della complementare \u00e9quipe di esperti fornisce \u2013 in via generale e divulgativa \u2013 orientamenti e indicazioni per la custodia e la promozione dell&#8217;infanzia a tutti coloro che operano (volontari, collaboratori, lavoratori subordinati, sacerdoti, religiosi, laici, etc.) nelle strutture ecclesiali o che fanno riferimento al territorio diocesano (parrocchie, oratori, scuole, associazioni sportive, associazioni ecclesiali, etc.).<\/p>\n<p>Di rilevante importanza \u00e8 il contributo di educatori e formatori, provenienti da varie istituzioni riconosciute per la loro seriet\u00e0 e solidit\u00e0 di impostazione &#8211; come i Consultori familiari diocesani -, nell\u2019ambito della affettivit\u00e0, della sessualit\u00e0, delle comunicazioni sociali e mass-mediali, delle attivit\u00e0 sportive o ludiche di valore.<\/p>\n<p>Sempre dagli esperti dei Consultori diocesani, pu\u00f2 provenire un importante sostegno nell\u2019approfondimento di tematiche inerenti l\u2019abuso contro minori, come l\u2019individuazione di fattori di rischio e di protezione, l\u2019approfondimento dei segnali e indicatori nelle persone abusate sessualmente, lo studio delle dinamiche abusanti per identificare strumenti di prevenzione, la dipendenza sessuale da internet e educazione all&#8217;uso dei media. Preziosa risulta l\u2019eventuale collaborazione con agenzie formative di elevata specializzazione, come il <em>Centre for Child Protection<\/em> dell\u2019Universit\u00e0 Gregoriana di Roma.<\/p>\n","protected":false},"excerpt":{"rendered":"<p>Si tratta di un gruppo ulteriore e allargato di esperti di riconosciuta fiducia e competenza che affianca il Servizio Interdiocesano nei suoi compiti, divenendo prezioso osservatorio per l\u2019analisi, il discernimento e lo sbocco operativo di questioni attinenti alla tutela dei minori e vulnerabili, nei vari settori della pastorale. Evidenti sono le ricadute a livello diocesano &hellip; <a href=\"https:\/\/www.diocesidicremona.it\/tutelaminori\/formazione\/\" class=\"more-link\">Continue reading <span class=\"screen-reader-text\">Il Gruppo di studio e l&#8217;\u00e9quipe di esperti interdiocesani<\/span> <span class=\"meta-nav\">&raquo;<\/span><\/a><\/p>\n","protected":false},"author":6,"featured_media":0,"parent":0,"menu_order":0,"comment_status":"closed","ping_status":"closed","template":"page-templates\/full-width.php","meta":{"_acf_changed":false,"ip_address":"","user_agent":"","level":"","revision":"","cookie_id":"","page_referer":"","html_form":"","footnotes":"","_links_to":"","_links_to_target":""},"class_list":["post-998","page","type-page","status-publish","hentry"],"acf":[],"_links":{"self":[{"href":"https:\/\/www.diocesidicremona.it\/tutelaminori\/wp-json\/wp\/v2\/pages\/998","targetHints":{"allow":["GET"]}}],"collection":[{"href":"https:\/\/www.diocesidicremona.it\/tutelaminori\/wp-json\/wp\/v2\/pages"}],"about":[{"href":"https:\/\/www.diocesidicremona.it\/tutelaminori\/wp-json\/wp\/v2\/types\/page"}],"author":[{"embeddable":true,"href":"https:\/\/www.diocesidicremona.it\/tutelaminori\/wp-json\/wp\/v2\/users\/6"}],"replies":[{"embeddable":true,"href":"https:\/\/www.diocesidicremona.it\/tutelaminori\/wp-json\/wp\/v2\/comments?post=998"}],"version-history":[{"count":5,"href":"https:\/\/www.diocesidicremona.it\/tutelaminori\/wp-json\/wp\/v2\/pages\/998\/revisions"}],"predecessor-version":[{"id":1419,"href":"https:\/\/www.diocesidicremona.it\/tutelaminori\/wp-json\/wp\/v2\/pages\/998\/revisions\/1419"}],"wp:attachment":[{"href":"https:\/\/www.diocesidicremona.it\/tutelaminori\/wp-json\/wp\/v2\/media?parent=998"}],"curies":[{"name":"wp","href":"https:\/\/api.w.org\/{rel}","templated":true}]}}