{"id":61,"date":"2015-11-11T17:11:22","date_gmt":"2015-11-11T16:11:22","guid":{"rendered":"https:\/\/www.diocesidicremona.it\/seminariovescovile2\/?page_id=61"},"modified":"2019-10-22T16:39:17","modified_gmt":"2019-10-22T14:39:17","slug":"biblioteca","status":"publish","type":"page","link":"https:\/\/www.diocesidicremona.it\/seminariovescovile\/biblioteca\/","title":{"rendered":"La Biblioteca"},"content":{"rendered":"<div class=\"pdfprnt-buttons pdfprnt-buttons-page pdfprnt-top-right\"><a href=\"https:\/\/www.diocesidicremona.it\/seminariovescovile\/wp-json\/wp\/v2\/pages\/61?print=pdf\" class=\"pdfprnt-button pdfprnt-button-pdf\" target=\"_blank\" ><img decoding=\"async\" src=\"https:\/\/www.diocesidicremona.it\/seminariovescovile\/wp-content\/plugins\/pdf-print\/images\/pdf.png\" alt=\"image_pdf\" title=\"Visualizza PDF\" \/><\/a><a href=\"https:\/\/www.diocesidicremona.it\/seminariovescovile\/wp-json\/wp\/v2\/pages\/61?print=print\" class=\"pdfprnt-button pdfprnt-button-print\" target=\"_blank\" ><img decoding=\"async\" src=\"https:\/\/www.diocesidicremona.it\/seminariovescovile\/wp-content\/plugins\/pdf-print\/images\/print.png\" alt=\"image_print\" title=\"Stampa contenuto\" \/><\/a><\/div><p><a href=\"https:\/\/www.diocesidicremona.it\/seminariovescovile\/wp-content\/uploads\/sites\/37\/2019\/10\/logo_biblio_trasp-e1456316841744.png\" data-rel=\"lightbox-image-0\" data-rl_title=\"\" data-rl_caption=\"\" title=\"\"><img loading=\"lazy\" decoding=\"async\" class=\"alignnone wp-image-894\" src=\"https:\/\/www.diocesidicremona.it\/seminariovescovile\/wp-content\/uploads\/sites\/37\/2019\/10\/logo_biblio_trasp-e1456316841744-300x283.png\" alt=\"\" width=\"150\" height=\"142\" srcset=\"https:\/\/www.diocesidicremona.it\/seminariovescovile\/wp-content\/uploads\/sites\/37\/2019\/10\/logo_biblio_trasp-e1456316841744-300x283.png 300w, https:\/\/www.diocesidicremona.it\/seminariovescovile\/wp-content\/uploads\/sites\/37\/2019\/10\/logo_biblio_trasp-e1456316841744-297x280.png 297w, https:\/\/www.diocesidicremona.it\/seminariovescovile\/wp-content\/uploads\/sites\/37\/2019\/10\/logo_biblio_trasp-e1456316841744.png 318w\" sizes=\"auto, (max-width: 150px) 100vw, 150px\" \/><\/a><\/p>\n<p>Nel seminario trova spazio una vastissima biblioteca (incunaboli, cinquecentine, edizioni dal Seicento al Novecento), oltre ai fondi gi\u00e0 storicamente costituiti: Manzoniano, Rosminiano, Bonomelliano e Cremonese.<\/p>\n<p>Il fondo antico consta di circa 100.000 volumi (tra cui 20 incunaboli, circa 2.000 cinquecentine, oltre 3.000 edizioni del Seicento e oltre 10.000 edizioni del Settecento). Questo settore \u00e8 destinato ad accrescersi ulteriormente, perch\u00e9 la Biblioteca del Seminario \u00e8 considerata alla stregua di \u201cbiblioteca diocesana\u201d, e in essa affluiranno quindi, nei prossimi tempi (in forma di \u201cdeposito\u201d permanente), i vari fondi librari antichi che si conservano nelle parrocchie.<\/p>\n<p>L&#8217;orario di apertura al pubblico \u00e8 il seguente:<\/p>\n<p>Luned\u00ec dalle <strong>8:30<\/strong> alle <strong>13:30<\/strong><\/p>\n<p>Dal Marted\u00ec al Venerd\u00ec dalle <strong>8:30<\/strong> alle <strong>12:00<\/strong> e dalle <strong>14:00<\/strong> alle <strong>17:30<\/strong><\/p>\n<p>Per informazioni:<\/p>\n<ul>\n<li>Telefono: <span style=\"color: #ff6600;\"><strong>0372-458289<\/strong><\/span><\/li>\n<li>Sito: <a href=\"http:\/\/www.biblioseminariocremona.wordpress.com\"><strong><span style=\"color: #003366;\">www.biblioseminariocremona.wordpress.com<\/span><\/strong><\/a><\/li>\n<\/ul>\n","protected":false},"excerpt":{"rendered":"<p>Nel seminario trova spazio una vastissima biblioteca (incunaboli, cinquecentine, edizioni dal Seicento al Novecento), oltre ai fondi gi\u00e0 storicamente costituiti: Manzoniano, Rosminiano, Bonomelliano e Cremonese. Il fondo antico consta di circa 100.000 volumi (tra cui 20 incunaboli, circa 2.000 cinquecentine, oltre 3.000 edizioni del Seicento e oltre 10.000 edizioni del Settecento). Questo settore \u00e8 destinato &hellip; <a href=\"https:\/\/www.diocesidicremona.it\/seminariovescovile\/biblioteca\/\" class=\"more-link\">Continue reading <span class=\"screen-reader-text\">La Biblioteca<\/span> <span class=\"meta-nav\">&raquo;<\/span><\/a><\/p>\n","protected":false},"author":6,"featured_media":0,"parent":0,"menu_order":0,"comment_status":"closed","ping_status":"closed","template":"","meta":{"_acf_changed":false,"ip_address":"","user_agent":"","level":"","revision":"","cookie_id":"","page_referer":"","html_form":"","footnotes":"","_links_to":"","_links_to_target":""},"class_list":["post-61","page","type-page","status-publish","hentry"],"acf":[],"_links":{"self":[{"href":"https:\/\/www.diocesidicremona.it\/seminariovescovile\/wp-json\/wp\/v2\/pages\/61","targetHints":{"allow":["GET"]}}],"collection":[{"href":"https:\/\/www.diocesidicremona.it\/seminariovescovile\/wp-json\/wp\/v2\/pages"}],"about":[{"href":"https:\/\/www.diocesidicremona.it\/seminariovescovile\/wp-json\/wp\/v2\/types\/page"}],"author":[{"embeddable":true,"href":"https:\/\/www.diocesidicremona.it\/seminariovescovile\/wp-json\/wp\/v2\/users\/6"}],"replies":[{"embeddable":true,"href":"https:\/\/www.diocesidicremona.it\/seminariovescovile\/wp-json\/wp\/v2\/comments?post=61"}],"version-history":[{"count":6,"href":"https:\/\/www.diocesidicremona.it\/seminariovescovile\/wp-json\/wp\/v2\/pages\/61\/revisions"}],"predecessor-version":[{"id":904,"href":"https:\/\/www.diocesidicremona.it\/seminariovescovile\/wp-json\/wp\/v2\/pages\/61\/revisions\/904"}],"wp:attachment":[{"href":"https:\/\/www.diocesidicremona.it\/seminariovescovile\/wp-json\/wp\/v2\/media?parent=61"}],"curies":[{"name":"wp","href":"https:\/\/api.w.org\/{rel}","templated":true}]}}