{"id":42,"date":"2015-08-01T09:20:04","date_gmt":"2015-08-01T07:20:04","guid":{"rendered":"https:\/\/www.diocesidicremona.it\/monasterovisitazione\/?page_id=42"},"modified":"2019-06-08T09:27:28","modified_gmt":"2019-06-08T07:27:28","slug":"ricorrenze-particolari","status":"publish","type":"page","link":"https:\/\/www.diocesidicremona.it\/monasterovisitazione\/ricorrenze-particolari\/","title":{"rendered":"Ricorrenze particolari"},"content":{"rendered":"<div class=\"pdfprnt-buttons pdfprnt-buttons-page pdfprnt-top-right\"><a href=\"https:\/\/www.diocesidicremona.it\/monasterovisitazione\/wp-json\/wp\/v2\/pages\/42?print=pdf\" class=\"pdfprnt-button pdfprnt-button-pdf\" target=\"_blank\" ><img decoding=\"async\" src=\"https:\/\/www.diocesidicremona.it\/monasterovisitazione\/wp-content\/plugins\/pdf-print\/images\/pdf.png\" alt=\"image_pdf\" title=\"Visualizza PDF\" \/><\/a><a href=\"https:\/\/www.diocesidicremona.it\/monasterovisitazione\/wp-json\/wp\/v2\/pages\/42?print=print\" class=\"pdfprnt-button pdfprnt-button-print\" target=\"_blank\" ><img decoding=\"async\" src=\"https:\/\/www.diocesidicremona.it\/monasterovisitazione\/wp-content\/plugins\/pdf-print\/images\/print.png\" alt=\"image_print\" title=\"Stampa contenuto\" \/><\/a><\/div><p><em><strong>24 gennaio<\/strong><\/em> &#8211; San Francesco di Sales &#8211; fondatore<\/p>\n<p><em><strong>24 aprile (1816)<\/strong><\/em> &#8211; Fondazione del Monastero a Soresina<\/p>\n<p><em><strong>31 maggio<\/strong><\/em> &#8211; Visitazione della B. V. Maria<\/p>\n<p><em><strong>6 giugno (1610)<\/strong><\/em> &#8211; Fondazione dell&#8217;Ordine della Visitazione S. Maria ad Annecy<\/p>\n<p><strong><em>Venerd\u00ec che segue la domenica del Corpus Domini<\/em><\/strong> &#8211; Solennit\u00e0 del Sacratissimo Cuore di Ges\u00f9<\/p>\n<p><strong><em>12 agosto<\/em><\/strong> &#8211; Santa Giovanna Francesca di Chantal &#8211; Fondatrice<\/p>\n<p><strong><em>19 agosto<\/em><\/strong> &#8211; Dedicazione della chiesa del nostro monastero<\/p>\n<p><strong><em>16 ottobre<\/em><\/strong> &#8211; Santa Margherita Maria Alacoque<\/p>\n<p><strong><em>18 novembre<\/em><\/strong> &#8211; Beate 7 Sorelle martiri spagnole<\/p>\n<p><strong><em>21 novembre<\/em><\/strong> &#8211; Rinnovazione dei voti<\/p>\n<p>&nbsp;<\/p>\n<p><a href=\"https:\/\/www.diocesidicremona.it\/monasterovisitazione\/wp-content\/uploads\/sites\/4\/2015\/08\/Monaca-chiostro.jpg\" data-rel=\"lightbox-image-0\" data-rl_title=\"\" data-rl_caption=\"\" title=\"\"><img loading=\"lazy\" decoding=\"async\" class=\"aligncenter wp-image-271 size-full\" src=\"https:\/\/www.diocesidicremona.it\/monasterovisitazione\/wp-content\/uploads\/sites\/4\/2015\/08\/Monaca-chiostro.jpg\" alt=\"Monaca chiostro\" width=\"600\" height=\"377\" srcset=\"https:\/\/www.diocesidicremona.it\/monasterovisitazione\/wp-content\/uploads\/sites\/4\/2015\/08\/Monaca-chiostro.jpg 600w, https:\/\/www.diocesidicremona.it\/monasterovisitazione\/wp-content\/uploads\/sites\/4\/2015\/08\/Monaca-chiostro-300x189.jpg 300w, https:\/\/www.diocesidicremona.it\/monasterovisitazione\/wp-content\/uploads\/sites\/4\/2015\/08\/Monaca-chiostro-360x226.jpg 360w\" sizes=\"auto, (max-width: 600px) 100vw, 600px\" \/><\/a><\/p>\n","protected":false},"excerpt":{"rendered":"<p>24 gennaio &#8211; San Francesco di Sales &#8211; fondatore 24 aprile (1816) &#8211; Fondazione del Monastero a Soresina 31 maggio &#8211; Visitazione della B. V. Maria 6 giugno (1610) &#8211; Fondazione dell&#8217;Ordine della Visitazione S. Maria ad Annecy Venerd\u00ec che segue la domenica del Corpus Domini &#8211; Solennit\u00e0 del Sacratissimo Cuore di Ges\u00f9 12 agosto &hellip; <a href=\"https:\/\/www.diocesidicremona.it\/monasterovisitazione\/ricorrenze-particolari\/\" class=\"more-link\">Continue reading <span class=\"screen-reader-text\">Ricorrenze particolari<\/span> <span class=\"meta-nav\">&raquo;<\/span><\/a><\/p>\n","protected":false},"author":6,"featured_media":0,"parent":0,"menu_order":0,"comment_status":"closed","ping_status":"open","template":"","meta":{"_acf_changed":false,"ip_address":"","user_agent":"","level":"","revision":"","cookie_id":"","page_referer":"","html_form":"","footnotes":"","_links_to":"","_links_to_target":""},"class_list":["post-42","page","type-page","status-publish","hentry"],"acf":[],"_links":{"self":[{"href":"https:\/\/www.diocesidicremona.it\/monasterovisitazione\/wp-json\/wp\/v2\/pages\/42","targetHints":{"allow":["GET"]}}],"collection":[{"href":"https:\/\/www.diocesidicremona.it\/monasterovisitazione\/wp-json\/wp\/v2\/pages"}],"about":[{"href":"https:\/\/www.diocesidicremona.it\/monasterovisitazione\/wp-json\/wp\/v2\/types\/page"}],"author":[{"embeddable":true,"href":"https:\/\/www.diocesidicremona.it\/monasterovisitazione\/wp-json\/wp\/v2\/users\/6"}],"replies":[{"embeddable":true,"href":"https:\/\/www.diocesidicremona.it\/monasterovisitazione\/wp-json\/wp\/v2\/comments?post=42"}],"version-history":[{"count":2,"href":"https:\/\/www.diocesidicremona.it\/monasterovisitazione\/wp-json\/wp\/v2\/pages\/42\/revisions"}],"predecessor-version":[{"id":2307,"href":"https:\/\/www.diocesidicremona.it\/monasterovisitazione\/wp-json\/wp\/v2\/pages\/42\/revisions\/2307"}],"wp:attachment":[{"href":"https:\/\/www.diocesidicremona.it\/monasterovisitazione\/wp-json\/wp\/v2\/media?parent=42"}],"curies":[{"name":"wp","href":"https:\/\/api.w.org\/{rel}","templated":true}]}}