{"id":40,"date":"2015-08-01T09:19:46","date_gmt":"2015-08-01T07:19:46","guid":{"rendered":"https:\/\/www.diocesidicremona.it\/monasterovisitazione\/?page_id=40"},"modified":"2015-09-17T21:18:11","modified_gmt":"2015-09-17T19:18:11","slug":"la-visitazione-a-soresina","status":"publish","type":"page","link":"https:\/\/www.diocesidicremona.it\/monasterovisitazione\/la-visitazione-a-soresina\/","title":{"rendered":"Le Visitandine a Soresina"},"content":{"rendered":"<div class=\"pdfprnt-buttons pdfprnt-buttons-page pdfprnt-top-right\"><a href=\"https:\/\/www.diocesidicremona.it\/monasterovisitazione\/wp-json\/wp\/v2\/pages\/40?print=pdf\" class=\"pdfprnt-button pdfprnt-button-pdf\" target=\"_blank\" ><img decoding=\"async\" src=\"https:\/\/www.diocesidicremona.it\/monasterovisitazione\/wp-content\/plugins\/pdf-print\/images\/pdf.png\" alt=\"image_pdf\" title=\"Visualizza PDF\" \/><\/a><a href=\"https:\/\/www.diocesidicremona.it\/monasterovisitazione\/wp-json\/wp\/v2\/pages\/40?print=print\" class=\"pdfprnt-button pdfprnt-button-print\" target=\"_blank\" ><img decoding=\"async\" src=\"https:\/\/www.diocesidicremona.it\/monasterovisitazione\/wp-content\/plugins\/pdf-print\/images\/print.png\" alt=\"image_print\" title=\"Stampa contenuto\" \/><\/a><\/div><p style=\"text-align: justify\">Da un fuoco di speranza \u00e8 scaturito il Monastero della Visitazione Santa Maria di Soresina, da quel fuoco di speranza che ardeva nel cuore di suor Maria Gaetana Ferrari, priora delle &#8220;Vergini di Santa Chiara&#8221;, costretta nel 1811 a ritornare al secolo dal Decreto napoleonico di soppressione di tutti i conventi maschili e femminili di Francia e d&#8217;Italia.<\/p>\n<p style=\"text-align: justify\">Insieme con un gruppo di consorelle che scelsero di rimanere con lei, suor Maria Gaetana continu\u00f2 a vivere, nella clandestinit\u00e0, l&#8217;osservanza religiosa e da subito si adoper\u00f2 a predisporre i mezzi per poter poi, a tempo propizio, ricomporre la vita regolare.<\/p>\n<p style=\"text-align: justify\">Cosicch\u00e9, non appena tramontata la stella di Napoleone e restaurati gli antichi governi, con le debite autorizzazioni ella fu in grado di riaprire un monastero: non pi\u00f9 il Collegio delle Vergini di santa Chiara, ma, per volont\u00e0 del Vescovo di Cremona mons. Omobono Offredi, il Monastero della Visitazione Santa Maria.<\/p>\n<p style=\"text-align: justify\">Era il 24 aprile 1816. Ne furono fondatrici suor Laura Felice Calvi, nominata superiora, e suor Giulia Domitilla Emili, assistente e maestra delle novizie, provenienti dal monastero della Visitazione di Alzano Lombardo (Bergamo) e prime novizie ne furono la stessa suor Maria Gaetana Ferrari e le sue compagne.<\/p>\n<p style=\"text-align: justify\"><img loading=\"lazy\" decoding=\"async\" class=\"aligncenter wp-image-308 size-medium\" src=\"https:\/\/www.diocesidicremona.it\/monasterovisitazione\/wp-content\/uploads\/sites\/4\/2015\/08\/Visitazione_05-225x300.jpg\" alt=\"Visitazione_05\" width=\"225\" height=\"300\" srcset=\"https:\/\/www.diocesidicremona.it\/monasterovisitazione\/wp-content\/uploads\/sites\/4\/2015\/08\/Visitazione_05-225x300.jpg 225w, https:\/\/www.diocesidicremona.it\/monasterovisitazione\/wp-content\/uploads\/sites\/4\/2015\/08\/Visitazione_05-210x280.jpg 210w, https:\/\/www.diocesidicremona.it\/monasterovisitazione\/wp-content\/uploads\/sites\/4\/2015\/08\/Visitazione_05.jpg 392w\" sizes=\"auto, (max-width: 225px) 100vw, 225px\" \/><\/p>\n<p style=\"text-align: justify\">La nostra giornata monastica si svolge tra preghiera liturgica e preghiera personale, lavoro, esercizi comuni, distensione, in un&#8217;atmosfera di silenzio e di raccoglimento che favorisce l&#8217;unione con Dio. Tutte le nostre ore, infatti, sono dedicate al Signore, tutte le nostre azioni, se siamo fedeli, sono altrettante preghiere e orazioni, poich\u00e9 le Visitandine sono espressamente chiamate da Dio a essere &#8220;figlie di orazione cos\u00ec interiori, che siano trovate degne di adorarlo in spirito e verit\u00e0&#8221;.<\/p>\n<p style=\"text-align: justify\">\u00c8 questa vita interiore che rende nuova ogni nostra giornata e che, nella semplicit\u00e0 di un normale susseguirsi di azioni, la eleva ad altezze divine.<\/p>\n<div id=\"attachment_310\" style=\"width: 278px\" class=\"wp-caption aligncenter\"><img loading=\"lazy\" decoding=\"async\" aria-describedby=\"caption-attachment-310\" class=\"wp-image-310 \" src=\"https:\/\/www.diocesidicremona.it\/monasterovisitazione\/wp-content\/uploads\/sites\/4\/2015\/08\/Visitazione_071-300x214.jpg\" alt=\"Visitazione_07(1)\" width=\"268\" height=\"191\" srcset=\"https:\/\/www.diocesidicremona.it\/monasterovisitazione\/wp-content\/uploads\/sites\/4\/2015\/08\/Visitazione_071-300x214.jpg 300w, https:\/\/www.diocesidicremona.it\/monasterovisitazione\/wp-content\/uploads\/sites\/4\/2015\/08\/Visitazione_071-1024x731.jpg 1024w, https:\/\/www.diocesidicremona.it\/monasterovisitazione\/wp-content\/uploads\/sites\/4\/2015\/08\/Visitazione_071-360x257.jpg 360w, https:\/\/www.diocesidicremona.it\/monasterovisitazione\/wp-content\/uploads\/sites\/4\/2015\/08\/Visitazione_071-600x429.jpg 600w\" sizes=\"auto, (max-width: 268px) 100vw, 268px\" \/><p id=\"caption-attachment-310\" class=\"wp-caption-text\">La sala di comunit\u00e0<\/p><\/div>\n<p>&nbsp;<\/p>\n<div id=\"attachment_311\" style=\"width: 277px\" class=\"wp-caption aligncenter\"><img loading=\"lazy\" decoding=\"async\" aria-describedby=\"caption-attachment-311\" class=\" wp-image-311\" src=\"https:\/\/www.diocesidicremona.it\/monasterovisitazione\/wp-content\/uploads\/sites\/4\/2015\/08\/Claustro-econ.-in-inverno-300x225.jpg\" alt=\"Il claustro\" width=\"267\" height=\"200\" srcset=\"https:\/\/www.diocesidicremona.it\/monasterovisitazione\/wp-content\/uploads\/sites\/4\/2015\/08\/Claustro-econ.-in-inverno-300x225.jpg 300w, https:\/\/www.diocesidicremona.it\/monasterovisitazione\/wp-content\/uploads\/sites\/4\/2015\/08\/Claustro-econ.-in-inverno-1024x768.jpg 1024w, https:\/\/www.diocesidicremona.it\/monasterovisitazione\/wp-content\/uploads\/sites\/4\/2015\/08\/Claustro-econ.-in-inverno-360x270.jpg 360w, https:\/\/www.diocesidicremona.it\/monasterovisitazione\/wp-content\/uploads\/sites\/4\/2015\/08\/Claustro-econ.-in-inverno-600x450.jpg 600w\" sizes=\"auto, (max-width: 267px) 100vw, 267px\" \/><p id=\"caption-attachment-311\" class=\"wp-caption-text\">Il claustro<\/p><\/div>\n<p>&nbsp;<\/p>\n<p style=\"text-align: justify\">A ogni scoccare di ora il nostro Direttorio spirituale ci prescrive di pensare all&#8217;ultima ora e di renderci Dio propizio in quel punto estremo con devote aspirazioni. In tal modo, pellegrine sulla terra come la Vergine della Visitazione, teniamo sempre presente la meta per alimentarne il desiderio e cos\u00ec trasfigurare in gioia sempre pi\u00f9 piena la realt\u00e0 quotidiana, vissuta non isolatamente, ma in solidariet\u00e0 profonda con tutta l&#8217;umanit\u00e0 nel Cuore dolcissimo di Ges\u00f9, in cui \u00e8 la nostra stabile dimora.<\/p>\n<p style=\"text-align: justify\"><img loading=\"lazy\" decoding=\"async\" class=\"alignleft wp-image-317 \" src=\"https:\/\/www.diocesidicremona.it\/monasterovisitazione\/wp-content\/uploads\/sites\/4\/2015\/08\/Visitazione_061-300x214.jpg\" alt=\"Visitazione_06(1)\" width=\"283\" height=\"202\" srcset=\"https:\/\/www.diocesidicremona.it\/monasterovisitazione\/wp-content\/uploads\/sites\/4\/2015\/08\/Visitazione_061-300x214.jpg 300w, https:\/\/www.diocesidicremona.it\/monasterovisitazione\/wp-content\/uploads\/sites\/4\/2015\/08\/Visitazione_061-1024x730.jpg 1024w, https:\/\/www.diocesidicremona.it\/monasterovisitazione\/wp-content\/uploads\/sites\/4\/2015\/08\/Visitazione_061-360x257.jpg 360w, https:\/\/www.diocesidicremona.it\/monasterovisitazione\/wp-content\/uploads\/sites\/4\/2015\/08\/Visitazione_061-600x428.jpg 600w\" sizes=\"auto, (max-width: 283px) 100vw, 283px\" \/> <img loading=\"lazy\" decoding=\"async\" class=\"wp-image-318 size-medium alignright\" src=\"https:\/\/www.diocesidicremona.it\/monasterovisitazione\/wp-content\/uploads\/sites\/4\/2015\/08\/coro-300x203.jpg\" alt=\"coro\" width=\"300\" height=\"203\" srcset=\"https:\/\/www.diocesidicremona.it\/monasterovisitazione\/wp-content\/uploads\/sites\/4\/2015\/08\/coro-300x203.jpg 300w, https:\/\/www.diocesidicremona.it\/monasterovisitazione\/wp-content\/uploads\/sites\/4\/2015\/08\/coro-360x244.jpg 360w, https:\/\/www.diocesidicremona.it\/monasterovisitazione\/wp-content\/uploads\/sites\/4\/2015\/08\/coro-600x406.jpg 600w, https:\/\/www.diocesidicremona.it\/monasterovisitazione\/wp-content\/uploads\/sites\/4\/2015\/08\/coro.jpg 965w\" sizes=\"auto, (max-width: 300px) 100vw, 300px\" \/><em>\u00a0<\/em><\/p>\n<p style=\"text-align: center\"><em>Il Coro\u00a0\u00a0<\/em><\/p>\n","protected":false},"excerpt":{"rendered":"<p>Da un fuoco di speranza \u00e8 scaturito il Monastero della Visitazione Santa Maria di Soresina, da quel fuoco di speranza che ardeva nel cuore di suor Maria Gaetana Ferrari, priora delle &#8220;Vergini di Santa Chiara&#8221;, costretta nel 1811 a ritornare al secolo dal Decreto napoleonico di soppressione di tutti i conventi maschili e femminili di &hellip; <a href=\"https:\/\/www.diocesidicremona.it\/monasterovisitazione\/la-visitazione-a-soresina\/\" class=\"more-link\">Continue reading <span class=\"screen-reader-text\">Le Visitandine a Soresina<\/span> <span class=\"meta-nav\">&raquo;<\/span><\/a><\/p>\n","protected":false},"author":6,"featured_media":0,"parent":0,"menu_order":0,"comment_status":"closed","ping_status":"open","template":"","meta":{"_acf_changed":false,"ip_address":"","user_agent":"","level":"","revision":"","cookie_id":"","page_referer":"","html_form":"","footnotes":"","_links_to":"","_links_to_target":""},"class_list":["post-40","page","type-page","status-publish","hentry"],"acf":[],"_links":{"self":[{"href":"https:\/\/www.diocesidicremona.it\/monasterovisitazione\/wp-json\/wp\/v2\/pages\/40","targetHints":{"allow":["GET"]}}],"collection":[{"href":"https:\/\/www.diocesidicremona.it\/monasterovisitazione\/wp-json\/wp\/v2\/pages"}],"about":[{"href":"https:\/\/www.diocesidicremona.it\/monasterovisitazione\/wp-json\/wp\/v2\/types\/page"}],"author":[{"embeddable":true,"href":"https:\/\/www.diocesidicremona.it\/monasterovisitazione\/wp-json\/wp\/v2\/users\/6"}],"replies":[{"embeddable":true,"href":"https:\/\/www.diocesidicremona.it\/monasterovisitazione\/wp-json\/wp\/v2\/comments?post=40"}],"version-history":[{"count":0,"href":"https:\/\/www.diocesidicremona.it\/monasterovisitazione\/wp-json\/wp\/v2\/pages\/40\/revisions"}],"wp:attachment":[{"href":"https:\/\/www.diocesidicremona.it\/monasterovisitazione\/wp-json\/wp\/v2\/media?parent=40"}],"curies":[{"name":"wp","href":"https:\/\/api.w.org\/{rel}","templated":true}]}}