{"id":1687,"date":"2016-12-13T23:27:48","date_gmt":"2016-12-13T22:27:48","guid":{"rendered":"https:\/\/www.diocesidicremona.it\/monasterovisitazione\/?page_id=1687"},"modified":"2017-04-08T00:01:36","modified_gmt":"2017-04-07T22:01:36","slug":"beati-voi-i-giovani-scoprono-la-preghiera-alla-scuola-delle-beatitudini-20162017","status":"publish","type":"page","link":"https:\/\/www.diocesidicremona.it\/monasterovisitazione\/beati-voi-i-giovani-scoprono-la-preghiera-alla-scuola-delle-beatitudini-20162017\/","title":{"rendered":"Beati Voi, i giovani scoprono la preghiera&#8230;alla scuola delle Beatitudini &#8211; 2016\/2017"},"content":{"rendered":"<div class=\"pdfprnt-buttons pdfprnt-buttons-page pdfprnt-top-right\"><a href=\"https:\/\/www.diocesidicremona.it\/monasterovisitazione\/wp-json\/wp\/v2\/pages\/1687?print=pdf\" class=\"pdfprnt-button pdfprnt-button-pdf\" target=\"_blank\" ><img decoding=\"async\" src=\"https:\/\/www.diocesidicremona.it\/monasterovisitazione\/wp-content\/plugins\/pdf-print\/images\/pdf.png\" alt=\"image_pdf\" title=\"Visualizza PDF\" \/><\/a><a href=\"https:\/\/www.diocesidicremona.it\/monasterovisitazione\/wp-json\/wp\/v2\/pages\/1687?print=print\" class=\"pdfprnt-button pdfprnt-button-print\" target=\"_blank\" ><img decoding=\"async\" src=\"https:\/\/www.diocesidicremona.it\/monasterovisitazione\/wp-content\/plugins\/pdf-print\/images\/print.png\" alt=\"image_print\" title=\"Stampa contenuto\" \/><\/a><\/div><p style=\"text-align: left;\"><em><strong>Venerd\u00ec 14 ottobre 2016: Beati voi&#8230;.giovani misericordiosi!<\/strong><\/em><\/p>\n<p>dal Vangelo secondo Matteo (Mt. 5,1-12)<\/p>\n<blockquote>\n<p class=\"chapter-1\" style=\"text-align: justify;\"><strong><span style=\"color: #666699;\"><em><span class=\"text Matt-5-1\">Vedendo le folle, Ges\u00f9 sal\u00ec sulla montagna e, messosi a sedere, gli si avvicinarono i suoi discepoli.<\/span> <span id=\"it-CEI-62906\" class=\"text Matt-5-2\"><\/span><\/em><\/span><\/strong><br \/>\n<strong><span style=\"color: #666699;\"> Prendendo allora la parola, li ammaestrava dicendo:<\/span><\/strong><\/p>\n<p class=\"line\" style=\"text-align: justify;\"><strong><span style=\"color: #666699;\"><em><span id=\"it-CEI-62907\" class=\"text Matt-5-3\"> \u00abBeati i poveri in spirito,<\/span><\/em><\/span><\/strong><br \/>\n<strong><span style=\"color: #666699;\"> <em><span class=\"text Matt-5-3\">perch\u00e9 di essi \u00e8 il regno dei cieli. <\/span><\/em><\/span><\/strong><br \/>\n<strong><span style=\"color: #666699;\"> <em><span id=\"it-CEI-62908\" class=\"text Matt-5-4\"> Beati gli afflitti,<\/span><\/em><\/span><\/strong><br \/>\n<strong><span style=\"color: #666699;\"> <em><span class=\"text Matt-5-4\">perch\u00e9 saranno consolati. <\/span><\/em><\/span><\/strong><br \/>\n<strong><span style=\"color: #666699;\"> <em><span id=\"it-CEI-62909\" class=\"text Matt-5-5\"> Beati i miti,<\/span><\/em><\/span><\/strong><br \/>\n<strong><span style=\"color: #666699;\"> <em><span class=\"text Matt-5-5\">perch\u00e9 erediteranno la terra. <\/span><\/em><\/span><\/strong><br \/>\n<strong><span style=\"color: #666699;\"> <em><span id=\"it-CEI-62910\" class=\"text Matt-5-6\"> Beati quelli che hanno fame e sete della giustizia,<\/span><\/em><\/span><\/strong><br \/>\n<strong><span style=\"color: #666699;\"> <em><span class=\"text Matt-5-6\">perch\u00e9 saranno saziati. <\/span><\/em><\/span><\/strong><br \/>\n<strong><span style=\"color: #666699;\"> <em><span id=\"it-CEI-62911\" class=\"text Matt-5-7\"> Beati i misericordiosi,<\/span><\/em><\/span><\/strong><br \/>\n<strong><span style=\"color: #666699;\"> <em><span class=\"text Matt-5-7\">perch\u00e9 troveranno misericordia. <\/span><\/em><\/span><\/strong><br \/>\n<strong><span style=\"color: #666699;\"> <em><span id=\"it-CEI-62912\" class=\"text Matt-5-8\"> Beati i puri di cuore,<\/span><\/em><\/span><\/strong><br \/>\n<strong><span style=\"color: #666699;\"> <em><span class=\"text Matt-5-8\">perch\u00e9 vedranno Dio. <\/span><\/em><\/span><\/strong><br \/>\n<strong><span style=\"color: #666699;\"> <em><span id=\"it-CEI-62913\" class=\"text Matt-5-9\"> Beati gli operatori di pace,<\/span><\/em><\/span><\/strong><br \/>\n<strong><span style=\"color: #666699;\"> <em><span class=\"text Matt-5-9\">perch\u00e9 saranno chiamati figli di Dio. <\/span><\/em><\/span><\/strong><br \/>\n<strong><span style=\"color: #666699;\"> <em><span id=\"it-CEI-62914\" class=\"text Matt-5-10\"> Beati i perseguitati per causa della giustizia,<\/span><\/em><\/span><\/strong><br \/>\n<strong><span style=\"color: #666699;\"> <em><span class=\"text Matt-5-10\">perch\u00e9 di essi \u00e8 il regno dei cieli.<\/span><\/em><\/span><\/strong><\/p>\n<p style=\"text-align: justify;\"><strong><span style=\"color: #666699;\"><em><span id=\"it-CEI-62915\" class=\"text Matt-5-11\"> Beati voi quando vi insulteranno, vi perseguiteranno e, mentendo, diranno ogni sorta di male contro di voi per causa mia.<\/span> <span id=\"it-CEI-62916\" class=\"text Matt-5-12\"> Rallegratevi ed esultate, perch\u00e9 grande \u00e8 la vostra ricompensa nei cieli. Cos\u00ec infatti hanno perseguitato i profeti prima di voi.<\/span><\/em><\/span><\/strong><\/p>\n<p style=\"text-align: center;\"><em><strong>Audio Meditazione Biblica &#8211; don Marco d&#8217;Agostino<\/strong><\/em><\/p>\n<\/blockquote>\n<p style=\"text-align: center;\"><iframe loading=\"lazy\" style=\"width: 560px; height: 35px;\" src=\"https:\/\/medialibwd.glauco.it:443\/p\/104\/sp\/10400\/embedIframeJs\/uiconf_id\/23448224\/partner_id\/104?iframeembed=true&amp;playerId=kaltura_player_1481669737&amp;entry_id=0_qmt0b9ne&amp;flashvars[streamerType]=auto\" width=\"560\" height=\"35\" frameborder=\"0\" allowfullscreen=\"allowfullscreen\"><br \/>\n<span itemprop=\"name\" content=\"Don Marco Meditazione biblica 14_10_16\"><\/span><br \/>\n<span itemprop=\"description\" content=\"\"><\/span><br \/>\n<span itemprop=\"duration\" content=\"907\"><\/span><br \/>\n<span itemprop=\"thumbnail\" content=\"https:\/\/medialibwd.glauco.it\/p\/104\/sp\/10400\/thumbnail\/entry_id\/0_qmt0b9ne\/version\/0\/acv\/42\"><\/span><br \/>\n<span itemprop=\"width\" content=\"560\"><\/span><br \/>\n<span itemprop=\"height\" content=\"35\"><\/span><br \/>\n<\/iframe><\/p>\n<hr \/>\n<p style=\"text-align: center;\"><em><strong>Venerd\u00ec 2 dicembre 2016: Beati voi&#8230;.giovani poveri in Spirito!<\/strong><\/em><\/p>\n<p>dal Vangelo secondo Luca (Lc. 17, 11-19)<\/p>\n<blockquote>\n<p class=\"chapter-1\" style=\"text-align: justify;\"><strong><span style=\"color: #666699;\"><em><span class=\"text Matt-5-1\">Disse ai suoi discepoli: \u00ab\u00c8 inevitabile che vengano scandali, ma guai a colui a causa del quale vengono. \u00c8 meglio per lui che gli venga messa al collo una macina da mulino e sia gettato nel mare, piuttosto che scandalizzare uno di questi piccoli. State attenti a voi stessi!<br \/>\nSe il tuo fratello commetter\u00e0 una colpa, rimproveralo; ma se si pentir\u00e0, perdonagli. E se commetter\u00e0 una colpa sette volte al giorno contro di te e sette volte ritorner\u00e0 a te dicendo: \u201cSono pentito\u201d, tu gli perdonerai\u00bb.<br \/>\nGli apostoli dissero al Signore: \u00abAccresci in noi la fede!\u00bb. Il Signore rispose: \u00abSe aveste fede quanto un granello di senape, potreste dire a questo gelso: \u201cSr\u00e0dicati e vai a piantarti nel mare\u201d, ed esso vi obbedirebbe.<br \/>\nChi di voi, se ha un servo ad arare o a pascolare il gregge, gli dir\u00e0, quando rientra dal campo: \u201cVieni subito e mettiti a tavola\u201d? Non gli dir\u00e0 piuttosto: \u201cPrepara da mangiare, stringiti le vesti ai fianchi e servimi, finch\u00e9 avr\u00f2 mangiato e bevuto, e dopo mangerai e berrai tu\u201d? Avr\u00e0 forse gratitudine verso quel servo, perch\u00e9 ha eseguito gli ordini ricevuti? Cos\u00ec anche voi, quando avrete fatto tutto quello che vi \u00e8 stato ordinato, dite: \u201cSiamo servi inutili. Abbiamo fatto quanto dovevamo fare\u201d\u00bb.<br \/>\nLungo il cammino verso Gerusalemme, Ges\u00f9 attraversava la Samaria e la Galilea. Entrando in un villaggio, gli vennero incontro dieci lebbrosi, che si fermarono a distanza e dissero ad alta voce: \u00abGes\u00f9, maestro, abbi piet\u00e0 di noi!\u00bb. Appena li vide, Ges\u00f9 disse loro: \u00abAndate a presentarvi ai sacerdoti\u00bb. E mentre essi andavano, furono purificati. Uno di loro, vedendosi guarito, torn\u00f2 indietro lodando Dio a gran voce, e si prostr\u00f2 davanti a Ges\u00f9, ai suoi piedi, per ringraziarlo. Era un Samaritano. Ma Ges\u00f9 osserv\u00f2: \u00abNon ne sono stati purificati dieci? E gli altri nove dove sono? Non si \u00e8 trovato nessuno che tornasse indietro a rendere gloria a Dio, all\u2019infuori di questo straniero?\u00bb. E gli disse: \u00ab\u00c0lzati e va\u2019; la tua fede ti ha salvato!\u00bb.<\/span><\/em><\/span><\/strong><\/p>\n<\/blockquote>\n<p style=\"text-align: center;\"><em><strong>Audio Meditazione Biblica &#8211; don Marco d&#8217;Agostino<\/strong><\/em><\/p>\n<p style=\"text-align: center;\"><iframe loading=\"lazy\" style=\"width: 560px; height: 35px;\" src=\"https:\/\/medialibwd.glauco.it:443\/p\/104\/sp\/10400\/embedIframeJs\/uiconf_id\/23448224\/partner_id\/104?iframeembed=true&amp;playerId=kaltura_player_1481670367&amp;entry_id=0_m1ml43bk&amp;flashvars[streamerType]=auto\" width=\"560\" height=\"35\" frameborder=\"0\" allowfullscreen=\"allowfullscreen\"><br \/>\n<span itemprop=\"name\" content=\"Don Marco Meditazione biblica 02_12_16\"><\/span><br \/>\n<span itemprop=\"description\" content=\"\"><\/span><br \/>\n<span itemprop=\"duration\" content=\"1376\"><\/span><br \/>\n<span itemprop=\"thumbnail\" content=\"https:\/\/medialibwd.glauco.it\/p\/104\/sp\/10400\/thumbnail\/entry_id\/0_m1ml43bk\/version\/0\/acv\/42\"><\/span><br \/>\n<span itemprop=\"width\" content=\"560\"><\/span><br \/>\n<span itemprop=\"height\" content=\"35\"><\/span><br \/>\n<\/iframe><\/p>\n<hr \/>\n<p style=\"text-align: center;\"><em><strong>Venerd\u00ec 13 gennaio 2017: Beati voi&#8230;.giovani miti!<\/strong><\/em><\/p>\n<p>dal Vangelo secondo Matteo (Mt 23, 1-12)<\/p>\n<blockquote>\n<p class=\"chapter-1\" style=\"text-align: justify;\"><strong><span style=\"color: #666699;\"><em><span class=\"text Matt-5-1\">Allora Ges\u00f9 si rivolse alla folla e ai suoi discepoli dicendo: \u00abSulla cattedra di Mos\u00e8 si sono seduti gli scribi e i farisei. Praticate e osservate tutto ci\u00f2 che vi dicono, ma non agite secondo le loro opere, perch\u00e9 essi dicono e non fanno. Legano infatti fardelli pesanti e difficili da portare e li pongono sulle spalle della gente, ma essi non vogliono muoverli neppure con un dito. Tutte le loro opere le fanno per essere ammirati dalla gente: allargano i loro filatt\u00e8ri e allungano le frange; si compiacciono dei posti d\u2019onore nei banchetti, dei primi seggi nelle sinagoghe, dei saluti nelle piazze, come anche di essere chiamati \u201crabb\u00ec\u201d dalla gente.<br \/>\nMa voi non fatevi chiamare \u201crabb\u00ec\u201d, perch\u00e9 uno solo \u00e8 il vostro Maestro e voi siete tutti fratelli. E non chiamate \u201cpadre\u201d nessuno di voi sulla terra, perch\u00e9 uno solo \u00e8 il Padre vostro, quello celeste. E non fatevi chiamare \u201cguide\u201d, perch\u00e9 uno solo \u00e8 la vostra Guida, il Cristo. Chi tra voi \u00e8 pi\u00f9 grande, sar\u00e0 vostro servo; chi invece si esalter\u00e0, sar\u00e0 umiliato e chi si umilier\u00e0 sar\u00e0 esaltato.<\/span><\/em><\/span><\/strong><\/p>\n<\/blockquote>\n<p style=\"text-align: center;\"><em><strong>Audio Meditazione Biblica &#8211; don Marco d&#8217;Agostino<\/strong><\/em><\/p>\n<p style=\"text-align: center;\"><iframe loading=\"lazy\" style=\"width: 560px; height: 35px;\" src=\"https:\/\/medialibwd.glauco.it:443\/p\/104\/sp\/10400\/embedIframeJs\/uiconf_id\/23448224\/partner_id\/104?iframeembed=true&amp;playerId=kaltura_player_1485622153&amp;entry_id=0_tkmo1hph&amp;flashvars[streamerType]=auto\" width=\"560\" height=\"35\" frameborder=\"0\" allowfullscreen=\"allowfullscreen\"><br \/>\n<span itemprop=\"name\" content=\"Don Marco Meditazione biblica 13_01_17\"><\/span><br \/>\n<span itemprop=\"description\" content=\"\"><\/span><br \/>\n<span itemprop=\"duration\" content=\"1120\"><\/span><br \/>\n<span itemprop=\"thumbnail\" content=\"https:\/\/medialibwd.glauco.it\/p\/104\/sp\/10400\/thumbnail\/entry_id\/0_tkmo1hph\/version\/0\/acv\/42\"><\/span><br \/>\n<span itemprop=\"width\" content=\"560\"><\/span><br \/>\n<span itemprop=\"height\" content=\"35\"><\/span><br \/>\n<\/iframe><\/p>\n<hr \/>\n<p style=\"text-align: center;\"><em><strong>Venerd\u00ec 3 febbraio 2017: Beati voi&#8230;.giovani puri di cuore!<\/strong><\/em><\/p>\n<p>dal Vangelo secondo Matteo (Mt 6, 24 &#8211; 34)<\/p>\n<blockquote>\n<p class=\"chapter-1\" style=\"text-align: justify;\"><strong><span style=\"color: #666699;\"><em><span class=\"text Matt-5-1\">Nessuno pu\u00f2 servire due padroni, perch\u00e9 o odier\u00e0 l&#8217;uno e amer\u00e0 l&#8217;altro, oppure si affezioner\u00e0 all&#8217;uno e disprezzer\u00e0 l&#8217;altro. Non potete servire Dio e la ricchezza.<br \/>\nPerci\u00f2 io vi dico: non preoccupatevi per la vostra vita, di quello che mangerete o berrete, n\u00e9 per il vostro corpo, di quello che indosserete; la vita non vale forse pi\u00f9 del cibo e il corpo pi\u00f9 del vestito? Guardate gli uccelli del cielo: non s\u00e9minano e non mietono, n\u00e9 raccolgono nei granai; eppure il Padre vostro celeste li nutre. Non valete forse pi\u00f9 di loro? E chi di voi, per quanto si preoccupi, pu\u00f2 allungare anche di poco la propria vita? E per il vestito, perch\u00e9 vi preoccupate? Osservate come crescono i gigli del campo: non faticano e non filano. Eppure io vi dico che neanche Salomone, con tutta la sua gloria, vestiva come uno di loro. Ora, se Dio veste cos\u00ec l&#8217;erba del campo, che oggi c&#8217;\u00e8 e domani si getta nel forno, non far\u00e0 molto di pi\u00f9 per voi, gente di poca fede? Non preoccupatevi dunque dicendo: \u00abChe cosa mangeremo? Che cosa berremo? Che cosa indosseremo?\u00bb. Di tutte queste cose vanno in cerca i pagani. Il Padre vostro celeste, infatti, sa che ne avete bisogno. Cercate invece, anzitutto, il regno di Dio e la sua giustizia, e tutte queste cose vi saranno date in aggiunta. Non preoccupatevi dunque del domani, perch\u00e9 il domani si preoccuper\u00e0 di se stesso. A ciascun giorno basta la sua pena.<\/span><\/em><\/span><\/strong><\/p>\n<\/blockquote>\n<p style=\"text-align: center;\"><em><strong>Audio Meditazione Biblica &#8211; don Marco d&#8217;Agostino<\/strong><\/em><\/p>\n<p style=\"text-align: center;\"><iframe loading=\"lazy\" style=\"width: 560px; height: 35px;\" src=\"https:\/\/medialibwd.glauco.it:443\/p\/104\/sp\/10400\/embedIframeJs\/uiconf_id\/23448224\/partner_id\/104?iframeembed=true&amp;playerId=kaltura_player_1486310090&amp;entry_id=0_uo5mjl0u&amp;flashvars[streamerType]=auto\" width=\"560\" height=\"35\" frameborder=\"0\" allowfullscreen=\"allowfullscreen\"><br \/>\n<span itemprop=\"name\" content=\"Don Marco Meditazione biblica 03_02_17\"><\/span><br \/>\n<span itemprop=\"description\" content=\"\"><\/span><br \/>\n<span itemprop=\"duration\" content=\"803\"><\/span><br \/>\n<span itemprop=\"thumbnail\" content=\"https:\/\/medialibwd.glauco.it\/p\/104\/sp\/10400\/thumbnail\/entry_id\/0_uo5mjl0u\/version\/0\/acv\/42\"><\/span><br \/>\n<span itemprop=\"width\" content=\"560\"><\/span><br \/>\n<span itemprop=\"height\" content=\"35\"><\/span><br \/>\n<\/iframe><\/p>\n<hr \/>\n<p style=\"text-align: center;\"><em><strong>Venerd\u00ec 3 marzo 2017: Beati voi&#8230;.giovani pacificatori!<\/strong><\/em><\/p>\n<p>dalla Lettera di San paolo apostolo agli Efesini (Ef 2, 13 &#8211; 16)<\/p>\n<blockquote>\n<p class=\"chapter-1\" style=\"text-align: justify;\"><strong><span style=\"color: #666699;\"><em><span class=\"text Matt-5-1\">Ora invece, in Cristo Ges\u00f9, voi che un tempo eravate i lontani siete diventati i vicini grazie al sangue di Cristo. Egli infatti \u00e8 la nostra pace, colui che ha fatto dei due un popolo solo, abbattendo il muro di separazione che era frammezzo, cio\u00e8 l&#8217;inimicizia, annullando, per mezzo della sua carne, la legge fatta di prescrizioni e di decreti, per creare in se stesso, dei due, un solo uomo nuovo, facendo la pace, e per riconciliare tutti e due con Dio in un solo corpo, per mezzo della croce, distruggendo in se stesso l&#8217;inimicizia. <\/span><\/em><\/span><\/strong><\/p>\n<\/blockquote>\n<p style=\"text-align: center;\"><em><strong>Audio Meditazione Biblica &#8211; don Marco d&#8217;Agostino<\/strong><\/em><\/p>\n<p style=\"text-align: center;\"><iframe loading=\"lazy\" style=\"width: 560px; height: 35px;\" src=\"https:\/\/medialibwd.glauco.it:443\/p\/104\/sp\/10400\/embedIframeJs\/uiconf_id\/23448224\/partner_id\/104?iframeembed=true&amp;playerId=kaltura_player_1488583621&amp;entry_id=0_d3p1qd33&amp;flashvars[streamerType]=auto\" width=\"560\" height=\"35\" frameborder=\"0\" allowfullscreen=\"allowfullscreen\"><br \/>\n<span itemprop=\"name\" content=\"Don Marco Meditazione biblica 03_03_17\"><\/span><br \/>\n<span itemprop=\"description\" content=\"\"><\/span><br \/>\n<span itemprop=\"duration\" content=\"866\"><\/span><br \/>\n<span itemprop=\"thumbnail\" content=\"https:\/\/medialibwd.glauco.it\/p\/104\/sp\/10400\/thumbnail\/entry_id\/0_d3p1qd33\/version\/0\/acv\/42\"><\/span><br \/>\n<span itemprop=\"width\" content=\"560\"><\/span><br \/>\n<span itemprop=\"height\" content=\"35\"><\/span><br \/>\n<\/iframe><\/p>\n<hr \/>\n<p style=\"text-align: left;\"><em><strong>Venerd\u00ec 7 Aprile 2017: Beati voi&#8230;.giovani perseguitati!<\/strong><\/em><\/p>\n<p>dal Vangelo secondo Matteo (Mt. 21, 33 &#8211; 44)<\/p>\n<blockquote>\n<p class=\"chapter-1\" style=\"text-align: justify;\"><strong><span style=\"color: #666699;\"><em><span class=\"text Matt-5-1\">\u00abAscoltate un\u2019altra parabola: c\u2019era un uomo che possedeva un terreno e vi piant\u00f2 una vigna. La circond\u00f2 con una siepe, vi scav\u00f2 una buca per il torchio e costru\u00ec una torre. La diede in affitto a dei contadini e se ne and\u00f2 lontano. Quando arriv\u00f2 il tempo di raccogliere i frutti, mand\u00f2 i suoi servi dai contadini a ritirare il raccolto. Ma i contadini presero i servi e uno lo bastonarono, un altro lo uccisero, un altro lo lapidarono. Mand\u00f2 di nuovo altri servi, pi\u00f9 numerosi dei primi, ma li trattarono allo stesso modo. Da ultimo mand\u00f2 loro il proprio figlio dicendo: \u201cAvranno rispetto per mio figlio!\u201d. Ma i contadini, visto il figlio, dissero tra loro: \u201cCostui \u00e8 l\u2019erede. Su, uccidiamolo e avremo noi la sua eredit\u00e0!\u201d. Lo presero, lo cacciarono fuori dalla vigna e lo uccisero. Quando verr\u00e0 dunque il padrone della vigna, che cosa far\u00e0 a quei contadini?\u00bb. Gli risposero: \u00abQuei malvagi, li far\u00e0 morire miseramente e dar\u00e0 in affitto la vigna ad altri contadini, che gli consegneranno i frutti a suo tempo\u00bb.<br \/>\nE Ges\u00f9 disse loro: \u00abNon avete mai letto nelle Scritture:<br \/>\nLa pietra che i costruttori hanno scartato<br \/>\n\u00e8 diventata la pietra d\u2019angolo;<br \/>\nquesto \u00e8 stato fatto dal Signore<br \/>\ned \u00e8 una meraviglia ai nostri occhi?<br \/>\nPerci\u00f2 io vi dico: a voi sar\u00e0 tolto il regno di Dio e sar\u00e0 dato a un popolo che ne produca i frutti. Chi cadr\u00e0 sopra questa pietra si sfraceller\u00e0; e colui sul quale essa cadr\u00e0, verr\u00e0 stritolato\u00bb.<\/span><\/em><\/span><\/strong><\/p>\n<p style=\"text-align: center;\"><em><strong>Audio Meditazione Biblica &#8211; don Marco d&#8217;Agostino<\/strong><\/em><\/p>\n<\/blockquote>\n<p style=\"text-align: center;\"><iframe loading=\"lazy\" style=\"width: 560px; height: 35px;\" src=\"https:\/\/medialibwd.glauco.it:443\/p\/104\/sp\/10400\/embedIframeJs\/uiconf_id\/23448224\/partner_id\/104?iframeembed=true&amp;playerId=kaltura_player_1491603657&amp;entry_id=0_c7ly5hb8&amp;flashvars[streamerType]=auto\" width=\"560\" height=\"35\" frameborder=\"0\" allowfullscreen=\"allowfullscreen\"><br \/>\n<span itemprop=\"name\" content=\"Don Marco Meditazione biblica 07_04_17\"><\/span><br \/>\n<span itemprop=\"description\" content=\"\"><\/span><br \/>\n<span itemprop=\"duration\" content=\"962\"><\/span><br \/>\n<span itemprop=\"thumbnail\" content=\"https:\/\/medialibwd.glauco.it\/p\/104\/sp\/10400\/thumbnail\/entry_id\/0_c7ly5hb8\/version\/0\/acv\/42\"><\/span><br \/>\n<span itemprop=\"width\" content=\"560\"><\/span><br \/>\n<span itemprop=\"height\" content=\"35\"><\/span><br \/>\n<\/iframe><\/p>\n","protected":false},"excerpt":{"rendered":"<p>Venerd\u00ec 14 ottobre 2016: Beati voi&#8230;.giovani misericordiosi! dal Vangelo secondo Matteo (Mt. 5,1-12) Vedendo le folle, Ges\u00f9 sal\u00ec sulla montagna e, messosi a sedere, gli si avvicinarono i suoi discepoli. Prendendo allora la parola, li ammaestrava dicendo: \u00abBeati i poveri in spirito, perch\u00e9 di essi \u00e8 il regno dei cieli. Beati gli afflitti, perch\u00e9 saranno &hellip; <a href=\"https:\/\/www.diocesidicremona.it\/monasterovisitazione\/beati-voi-i-giovani-scoprono-la-preghiera-alla-scuola-delle-beatitudini-20162017\/\" class=\"more-link\">Continue reading <span class=\"screen-reader-text\">Beati Voi, i giovani scoprono la preghiera&#8230;alla scuola delle Beatitudini &#8211; 2016\/2017<\/span> <span class=\"meta-nav\">&raquo;<\/span><\/a><\/p>\n","protected":false},"author":10,"featured_media":0,"parent":0,"menu_order":0,"comment_status":"closed","ping_status":"closed","template":"","meta":{"_acf_changed":false,"ip_address":"","user_agent":"","level":"","revision":"","cookie_id":"","page_referer":"","html_form":"","footnotes":"","_links_to":"","_links_to_target":""},"class_list":["post-1687","page","type-page","status-publish","hentry"],"acf":[],"_links":{"self":[{"href":"https:\/\/www.diocesidicremona.it\/monasterovisitazione\/wp-json\/wp\/v2\/pages\/1687","targetHints":{"allow":["GET"]}}],"collection":[{"href":"https:\/\/www.diocesidicremona.it\/monasterovisitazione\/wp-json\/wp\/v2\/pages"}],"about":[{"href":"https:\/\/www.diocesidicremona.it\/monasterovisitazione\/wp-json\/wp\/v2\/types\/page"}],"author":[{"embeddable":true,"href":"https:\/\/www.diocesidicremona.it\/monasterovisitazione\/wp-json\/wp\/v2\/users\/10"}],"replies":[{"embeddable":true,"href":"https:\/\/www.diocesidicremona.it\/monasterovisitazione\/wp-json\/wp\/v2\/comments?post=1687"}],"version-history":[{"count":3,"href":"https:\/\/www.diocesidicremona.it\/monasterovisitazione\/wp-json\/wp\/v2\/pages\/1687\/revisions"}],"predecessor-version":[{"id":1796,"href":"https:\/\/www.diocesidicremona.it\/monasterovisitazione\/wp-json\/wp\/v2\/pages\/1687\/revisions\/1796"}],"wp:attachment":[{"href":"https:\/\/www.diocesidicremona.it\/monasterovisitazione\/wp-json\/wp\/v2\/media?parent=1687"}],"curies":[{"name":"wp","href":"https:\/\/api.w.org\/{rel}","templated":true}]}}